 highest common factor of 40 and 1715.
5
What is the highest common factor of 1072 and 1?
1
Calculate the greatest common factor of 57141 and 9.
9
Calculate the highest common divisor of 8213 and 32465.
43
Calculate the greatest common divisor of 417 and 6110301.
417
Calculate the greatest common divisor of 501329 and 2194.
1097
What is the highest common factor of 17900 and 716?
716
Calculate the greatest common divisor of 38 and 1233803.
19
Calculate the greatest common factor of 87380 and 42160.
340
What is the highest common factor of 27760 and 9740?
20
What is the greatest common factor of 34748 and 5236?
476
Calculate the highest common divisor of 64053 and 27.
9
What is the greatest common divisor of 7 and 108360?
7
What is the greatest common divisor of 59522 and 2?
2
Calculate the greatest common factor of 33 and 23815.
11
What is the greatest common factor of 1819600 and 800?
400
Calculate the greatest common divisor of 1687 and 1236571.
1687
What is the greatest common factor of 5931 and 338726?
659
Calculate the greatest common factor of 1529906 and 112.
14
What is the greatest common divisor of 14510 and 60?
10
What is the greatest common factor of 246 and 539601?
123
Calculate the greatest common factor of 51 and 37230.
51
What is the highest common factor of 1416624 and 528?
528
What is the highest common divisor of 288 and 513?
9
Calculate the greatest common divisor of 5735 and 333.
37
What is the highest common factor of 3837624 and 168?
168
What is the greatest common factor of 133 and 6859?
19
What is the highest common factor of 2053461 and 174?
87
What is the greatest common factor of 270 and 135890?
10
Calculate the highest common factor of 198 and 2643795.
99
What is the highest common divisor of 553542 and 24?
6
Calculate the highest common divisor of 450 and 1874.
2
What is the highest common factor of 38 and 319732?
38
What is the greatest common divisor of 7739 and 4687?
109
Calculate the highest common factor of 18895 and 125.
5
Calculate the highest common factor of 1148 and 1764.
28
What is the greatest common divisor of 150 and 249650?
50
What is the highest common divisor of 130 and 18434?
26
What is the highest common divisor of 29502 and 342?
18
Calculate the highest common factor of 122825 and 34.
17
What is the highest common factor of 2160 and 1920?
240
What is the highest common divisor of 996 and 2004?
12
Calculate the highest common factor of 4643550 and 102.
102
Calculate the highest common factor of 17408 and 2448.
272
What is the highest common divisor of 3420769 and 2222?
1111
Calculate the greatest common divisor of 24200 and 10120.
440
Calculate the greatest common divisor of 336 and 13496.
56
What is the greatest common factor of 665 and 7420?
35
Calculate the highest common divisor of 3060 and 3508290.
1530
Calculate the greatest common divisor of 1653 and 12789.
87
Calculate the highest common factor of 90 and 88695.
45
What is the highest common divisor of 1715 and 1120?
35
What is the highest common divisor of 206 and 1640790?
206
Calculate the greatest common divisor of 18300 and 8100.
300
What is the greatest common factor of 59472 and 720?
144
Calculate the highest common divisor of 18 and 914778.
18
Calculate the highest common divisor of 1285488 and 17289.
1017
Calculate the greatest common factor of 1184 and 6808.
296
What is the greatest common divisor of 748313 and 3670?
367
Calculate the greatest common factor of 6 and 73022.
2
What is the highest common divisor of 28 and 157500?
28
Calculate the highest common divisor of 196924 and 1092.
364
Calculate the highest common divisor of 72 and 111645.
9
Calculate the highest common factor of 140187 and 1245.
249
Calculate the greatest common divisor of 36 and 41898.
6
Calculate the highest common factor of 2170 and 8400.
70
What is the greatest common divisor of 950 and 19450?
50
What is the highest common divisor of 4396 and 287624?
628
What is the greatest common factor of 3 and 11364?
3
What is the greatest common divisor of 3012 and 1336826?
502
Calculate the highest common factor of 47 and 93577.
47
What is the highest common divisor of 581 and 827344?
581
What is the greatest common factor of 838261 and 19?
19
What is the greatest common factor of 1670 and 7270?
10
Calculate the greatest common divisor of 2378 and 2204.
58
What is the greatest common divisor of 226 and 295608?
226
What is the greatest common divisor of 972832 and 10664?
344
What is the highest common factor of 165723 and 518?
37
What is the greatest common divisor of 18 and 83916?
18
What is the greatest common factor of 8993 and 1288?
23
Calculate the highest common divisor of 400410 and 60.
30
Calculate the highest common divisor of 4432 and 208.
16
Calculate the highest common factor of 6870 and 2320.
10
What is the highest common divisor of 1182 and 705?
3
Calculate the highest common divisor of 2475 and 247775.
275
What is the highest common factor of 17665377 and 159?
159
Calculate the highest common factor of 1012 and 2323.
23
What is the highest common divisor of 26 and 164476?
26
Calculate the greatest common factor of 220 and 3644905.
55
What is the greatest common divisor of 139691 and 4075?
163
What is the greatest common factor of 1898 and 52?
26
Calculate the highest common divisor of 13772 and 2948.
44
What is the highest common factor of 86219 and 11074?
791
Calculate the greatest common divisor of 32720 and 240.
80
Calculate the greatest common divisor of 9 and 135693.
9
Calculate the highest common divisor of 8 and 193296.
8
What is the highest common factor of 7695 and 228?
57
What is the highest common factor of 118 and 646522?
118
Calculate the greatest common divisor of 38 and 211812.
38
What is the greatest common divisor of 22220 and 46420?
220
What is the highest common divisor of 10217 and 10489?
17
What is the greatest common divisor of 230 and 18584?
46
What is the highest common divisor of 29674 and 5624?
74
Calculate the greatest common divisor of 149634 and 85.
17
What is the highest common divisor of 1690 and 2?
2
What is the highest common divisor of 4528188 and 882?
882
What is the greatest common divisor of 16 and 538?
2
What is the highest common factor of 42 and 768?
6
Calculate the greatest common divisor of 512304 and 468.
156
What is the highest common divisor of 38 and 274?
2
What is the greatest common divisor of 172350 and 40598?
766
What is the highest common divisor of 1134958 and 1012?
506
Calculate the greatest common divisor of 11 and 19063.
11
What is the greatest common factor of 168 and 143304?
168
Calculate the highest common divisor of 497 and 3199.
7
What is the greatest common divisor of 2350 and 7450?
50
Calculate the greatest common divisor of 1825 and 83220.
365
What is the highest common factor of 14615 and 103885?
395
What is the greatest common factor of 1581 and 1322243?
527
Calculate the greatest common divisor of 107 and 5276063.
107
What is the highest common factor of 1283020 and 60?
20
What is the highest common divisor of 1280 and 2680?
40
Calculate the highest common divisor of 42 and 36309.
21
What is the highest common factor of 2265 and 35?
5
What is the highest common divisor of 1496604 and 12?
12
Calculate the highest common divisor of 84 and 681366.
42
Calculate the greatest common divisor of 4737408 and 1168.
1168
What is the highest common factor of 722 and 560633?
361
Calculate the highest common factor of 2418210 and 11634.
1662
What is the highest common factor of 1656 and 3528?
72
Calculate the greatest common factor of 17594 and 114.
38
Calculate the highest common divisor of 1240 and 15080.
40
Calculate the highest common factor of 9028 and 3108.
148
Calculate the highest common factor of 226557 and 405.
81
What is the highest common factor of 78 and 110318?
26
Calculate the highest common divisor of 5088 and 341214.
318
What is the highest common divisor of 60752 and 80?
16
Calculate the greatest common divisor of 40 and 701630.
10
What is the greatest common factor of 7517655 and 153?
153
What is the greatest common factor of 38 and 245708?
38
Calculate the highest common divisor of 137683 and 26.
13
What is the greatest common factor of 1143 and 27603?
9
Calculate the highest 